it of g?
0
Let b = -150 - -2028. What is the hundreds digit of b?
8
Let k(h) = 54*h + 20. Let u(t) = 4*t + 40. Let l be u(-11). Let v be k(l). What is the hundreds digit of 4/6 - v/(-6)*-5?
1
Suppose a - 3*b = -89, -2*a + a - 110 = 4*b. Let v(g) = -4*g**2 + 9*g - 10. Let p be v(8). Let z = a - p. What is the tens digit of z?
9
Suppose -r - 24 = -16, -4*g + 2*r + 163844 = 0. What is the thousands digit of g?
0
Let c(v) = -v**2 - 10*v - 11. Let r be c(-2). Suppose s - 3 = -3*u, u - 1 = -s + r*s. What is the units digit of (-8 - 260)/(-1*u)?
8
Let b(w) be the second derivative of w**4/3 + w**3/2 - 5*w**2/2 - w. Let k = -355 + 359. What is the units digit of b(k)?
1
Let q = -15673 + 29701. Suppose -2*h + 14*h = q. What is the hundreds digit of h?
1
What is the tens digit of 24024 - (-6 + -3)*1?
3
Let s(o) = 1058*o + 833. What is the ten thousands digit of s(12)?
1
Suppose -167149 = -44*r + 1913611. What is the ten thousands digit of r?
4
Let g(j) = 25*j**2 - 72*j + 1513. What is the tens digit of g(17)?
1
Suppose c - 25308 = 5*o, -6*c + 4*c + 50616 = 2*o. What is the units digit of c/84 - 2/7?
1
Suppose -2*g = -j - 2601, -23*g + 10 = -18*g. Let c = -1546 - j. What is the hundreds digit of c?
0
Suppose -3*z - 1 = -4*z + 2*g, 4*g + 29 = 5*z. Suppose -z*t + t = -2856. Suppose -5*u = 2*u - t. What is the units digit of u?
1
Let n = 5961 - -5876. What is the tens digit of n?
3
Let y(w) = 502*w**2 - 9*w + 9. Let x be y(4). Suppose 8*t = x - 397. What is the units digit of t?
1
Suppose -3*i + 62 = -5*q - 137, -183 = -3*i - 3*q. What is the hundreds digit of 3414/(-4)*(-42)/i?
5
Suppose 23*n - n - 685400 = -24*n. What is the ten thousands digit of n?
1
Suppose 128*n + 11370 = 131*n + 4*l, 2*l = n - 3780. What is the hundreds digit of n?
7
Suppose 2*y - 25*z + 26*z = 39205, -y + 2*z = -19605. What is the hundreds digit of y?
6
Let d(n) = -1. Let k = -45 - -46. Let a(i) = i**2 + 2*i + 1. Let f(c) = k*a(c) - 5*d(c). What is the units digit of f(0)?
6
Let r(y) = y**3 + 9*y**2 - y + 7. Let z be (3 - (0 - -16))/((-6)/18). Suppose 2*j + s + 19 = -0*s, 0 = -4*j - 3*s - z. What is the tens digit of r(j)?
1
Suppose -5*w + 4*w - 5*c - 67 = 0, 5*w + c = -239. Let l = -41 - w. Suppose -l*n + 99 = -5*n. What is the tens digit of n?
9
What is the thousands digit of 66/(-2)*(-19)/((-133)/(-1281))?
6
Let p(x) = 122*x**2 + x + 1. Let b be p(-1). Suppose 0 = 3*w + u + b, 2*w + 84 = -3*u + 12. Let y = 73 + w. What is the units digit of y?
1
Let i = 648 + -633. Let h(m) = 9*m**2 - 31*m + 73. What is the tens digit of h(i)?
3
Suppose -2*u = -5*w - 223, -2*u - 2*w + 98 = -u. Let v = 291 + u. Suppose -2*r - 101 = -v. What is the hundreds digit of r?
1
What is the tens digit of 45/(-81)*-930*(4 + -2 - -67)?
5
Suppose -5 + 20 = 3*t. Suppose 48 = t*m - 332. What is the units digit of m?
6
Suppose 15287 = 3*f - 4*i - 3543, 0 = 4*f - i - 25098. What is the hundreds digit of f?
2
Suppose 0 = 53*n - 52*n - 3116. Suppose 7546 = 4*x - 3*d + n, 4*d = -8. What is the units digit of x?
6
Let c = 13 + -9. Suppose -w = 0, -c*a + 0*w = -w - 2312. What is the tens digit of a?
7
Let a = -90 - -93. Suppose -5*y + 46 = 3*v, -2*v + a*y + 39 = 2. What is the tens digit of v?
1
Suppose -4*i = 28 - 36. Suppose -i*p + 238 + 1316 = 0. What is the units digit of p?
7
Let w = -62 - -65. Suppose 4*p + 2*a = 1450, w*p - a - 355 = 2*p. Suppose 0 = 8*h - 14*h + p. What is the units digit of h?
0
Let n(z) = 12*z + 81. Let h be n(-12). What is the tens digit of 2130/(-9)*(3 + h/15)?
8
Suppose -107*q + 900 = -122*q. Let p(w) = w**3 + 3*w**2 + 4*w + 7. Let f be p(-5). Let n = q - f. What is the units digit of n?
3
Suppose -34 = -y - j, -3*y = -3*j - 31 - 59. What is the hundreds digit of (-32150)/(-80) - (-4)/y?
4
Suppose 110791 + 292619 = 51*s. What is the units digit of s?
0
Let m = 357 - 315. Suppose -36*v = -m*v + 6810. What is the units digit of v?
5
Let x(h) = 6*h**3 + 20*h**2 - 15*h + 7. Let u(b) = 7*b**3 + 22*b**2 - 15*b + 7. Let n(k) = -5*u(k) + 6*x(k). What is the hundreds digit of n(-10)?
1
Let r(c) = -c**3 - 10*c**2 - 7*c - 8. Let j be r(-7). Let w be (222/(-45) - 26/390) + 211. Let a = w + j. What is the tens digit of a?
0
Suppose 42 = -13*z - 23. What is the units digit of z + 806 + -4*(-1 - -2)?
7
Suppose 32088 = 6*z + 5*g, -24*g = -3*z - 19*g + 16044. What is the thousands digit of z?
5
Suppose 30594*y + 83070 = 30620*y. What is the units digit of y?
5
Suppose 506*u + 89473 = 509*u - 2*f, 5*u + 2*f - 149159 = 0. What is the tens digit of u?
2
Let m(q) = -q**2 + 20*q + 156. Let w be m(-6). Suppose 5*u + 2*j - 9801 = w, 704 = -2*u + j + 4628. What is the tens digit of u?
6
Let o = 3889 + 2256. What is the units digit of o?
5
Suppose 21 = -p + 37. Suppose 29*x = 25*x + p. Suppose -x*w + 175 + 93 = 0. What is the tens digit of w?
6
Let i(u) = 279*u**2 - 7*u + 24. Let g be i(-11). Suppose 20*y + 0*y - g = 0. What is the tens digit of y?
9
Let l(d) = 72*d - 50. Let y be l(12). Let c = y - 582. What is the tens digit of c?
3
Let t(o) = -o - 9 + 7 + 3. Let s be t(-3). Let h(x) = 11*x + 2. What is the units digit of h(s)?
6
Let n(i) = i**2 - 18*i + 22. Suppose -13*v = -17*v - 16, 4*u + 5*v = -56. What is the hundreds digit of n(u)?
2
Suppose p + 5*d - 727 = -p, -5*p - 2*d + 1786 = 0. Let x = 415 + p. What is the tens digit of x?
7
Let z = 29 - 28. Let s(y) = y**2 + y. Let v(k) = 3*k**2 - 25*k + 1. Let t(o) = z*v(o) - s(o). What is the units digit of t(13)?
1
Let s = -3 + 10. Let o be 17/(153/(-108))*(63/12)/(-3). Suppose o = v - s. What is the tens digit of v?
2
Suppose -3*l - 5*r = -10*r - 25592, 7*l + 2*r - 59660 = 0. What is the units digit of l?
4
Suppose 6815238 = 134*c - 696132. What is the hundreds digit of c?
0
Suppose 279 = -5*n + 44. Suppose 3*o = 0, -3*o + 2*o + 48 = -3*u. Let c = u - n. What is the tens digit of c?
3
Suppose 5*a + 8*a = 65. Suppose -a*s + 24 = -4*s. What is the tens digit of ((-48)/9)/((-1)/s)?
2
Suppose -75839 = -5*j + 2*y, -3*j - 12*y + 9*y = -45495. What is the hundreds digit of j?
1
Let g(l) = 3*l**2 + 3*l - 3. Let p be g(-2). Suppose 1175 = 5*d - 14*f + 9*f, 3*f = -p*d + 675. What is the units digit of d?
0
Suppose 36*u = 28*u + 1616. Let y = 323 + u. What is the units digit of y?
5
What is the tens digit of (-29)/((-104 - -106)/(1*-4742))?
5
Let p(l) = l**3 + 4*l**2 - 7*l - 5. Let i be p(-5). Let t = 684 + -681. Suppose 5*r - i*s - 28 = -t*s, 0 = -5*r - 3*s + 33. What is the units digit of r?
6
Let q(p) = -5*p - 25. Let v be q(-5). Suppose 4*k - 186 - 1074 = v. Suppose 0 = 3*s - k - 51. What is the tens digit of s?
2
Suppose 5 = 31*b - 30*b. Suppose -m = -5*o + 4621, -10*o + b*m - 945 = -11*o. What is the hundreds digit of o?
9
Let s(h) = -h**2 + 8*h - 7. Let g be s(6). Suppose 6*a = -7 - g. Let x(r) = -16*r**3 - r + 2. What is the units digit of x(a)?
2
Let g = -1868 + 2086. What is the tens digit of g?
1
Let z be 1 - -4*(-2 + 3). Let w(b) = 5*b**3 + 7*b**2 + 2*b + 4. What is the tens digit of w(z)?
1
Let z be 4*2*(-2)/(-8). Suppose -2*c + 5*c = -z*i + 3, 0 = 3*i - c + 1. Suppose 0 = 5*o - i*o - 385. What is the tens digit of o?
7
Let z = -35 + 76. Let j = z - -23. Suppose 3*h - 36 = -u, j = 5*u - 4*h - 97. What is the units digit of u?
3
What is the tens digit of 1260 - 1*8/(4/36*9)?
5
Let a be 3*27/45*-5. Let l(n) = -12*n - 10 - 18 - 1. What is the tens digit of l(a)?
7
Suppose -25 = -2*v - 3*v. Suppose -64 = -2*y + 2*i, 5*y - v*i - 164 = -2*i. Let b = -18 + y. What is the units digit of b?
6
Suppose 94010 = 59*d - 433155. What is the thousands digit of d?
8
Suppose 2*d = -4*b + 2934, 4*b + 13*d = 9*d + 2920. What is the units digit of b?
7
Suppose -4*n + 39532 = 139*r - 140*r, -5*r = 5*n - 49440. What is the thousands digit of n?
9
Let a(k) be the first derivative of k**2/2 - k - 5. Let w be a(6). Suppose 2*n = -2*n + 5*t + 265, 0 = 4*n + w*t - 215. What is the units digit of n?
0
Suppose 0 = v + 4*b - 9823 + 1229, -v + b = -8584. What is the units digit of v?
6
Suppose -274*q + 282*q - 24 = 0. Suppose q*o + 5*y = 913, -2*o + 3*y = -y - 594. What is the units digit of o?
1
Let g(j) = -1130*j + 34. Let a be 6/(-5) - 43/(-215). What is the hundreds digit of g(a)?
1
Let g be 481/117 + -1 + (-24)/(-27). Suppose -g*r = z - 354, 10*z - 3*r = 5*z + 1885. What is the uni